*z - 8*z. Determine r(2).
-4
Let i(m) = -9*m**3. Suppose -4*y = -0*y + 4. Determine i(y).
9
Let z(y) = -5 - 6*y + 2*y + 3*y - y. Suppose 4*r = 2*a + 4 - 14, -10 = -3*a + r. Suppose a*i = -15, -h - 4*i = 4*h + 45. Determine z(h).
5
Let h = 26 - 22. Let q(m) be the third derivative of 0*m - 5/6*m**3 + 0 + 1/24*m**h - 4*m**2. Determine q(6).
1
Let z(c) = 15*c**2 - 3 - c**2 - 10*c - 15*c**2. Calculate z(-9).
6
Let u(m) = m**3 - 8*m**2 + 7*m + 2. Let a be u(7). Let g(w) = 2*w + 2*w + 0 - 4 + 1 + w**2. Calculate g(a).
9
Let q(p) = -p**2 - 7*p - 3. Suppose 6*t = 10*t + 12. Give q(t).
9
Suppose -5*r + 20 = -0*z - 2*z, 0 = 2*r - 5*z - 29. Suppose -12 = -3*c + 3, -32 = -r*a - 4*c. Let x(q) = -q**3 + 6*q**2 - 5. Determine x(a).
-5
Let q(w) = 2*w + 0*w - 2*w - w. Calculate q(6).
-6
Let a(t) = -t**3 + 14*t**2 + t - 11. Suppose 2*f + g - 9 = f, 0 = 2*g + 10. Give a(f).
3
Suppose -15 = 5*d + 20. Let g(w) = w**3 + 8*w**2 + 5*w - 8. Calculate g(d).
6
Let d(f) = 3*f**2 - f + 1. Let w be d(1). Let l(h) be the second derivative of 0 + h + 1/6*h**w + 7/2*h**2. What is l(-5)?
2
Let z(n) be the second derivative of n**5/20 + 5*n**4/12 + n**3/6 - n**2 - 7*n. What is z(-4)?
10
Let s(y) = y + 4. Let z(b) = b - 1. Let q(f) = -s(f) + 2*z(f). Let r be q(5). Let w(l) = -5*l**3 - 2*l**2 - 2*l - 1. Calculate w(r).
4
Let d be (-24)/(-16)*32/12. Let f(y) = -y - 5. Give f(d).
-9
Let r(k) = -5*k + 2. Let j be r(1). Let m be 34/(-10) - j/(-5). Let c(l) = l + 4. Calculate c(m).
0
Let u(b) = -10*b + 5. Let h(j) = 11*j - 6. Let g(o) = -6*h(o) - 7*u(o). Determine g(-4).
-15
Let y(i) be the first derivative of -i**3/3 + 3*i**2/2 + 4*i + 6. Give y(3).
4
Let r(u) = u**2 + u - 4. Suppose -5*x = -0*x - i - 29, 4*x - 3*i - 32 = 0. Suppose x*y + 16 = y. What is r(y)?
8
Suppose 3*g - 3 = 0, 3*m + 2*m + 2*g = -18. Let u(q) = -2*q**2 - 4*q + 2. What is u(m)?
-14
Let l(s) = -s**2 - s. Suppose -20 = 4*q + 12. Let o = q - -20. Suppose -8 = 4*b + 4*v, -v = -4*b + 4 - o. Determine l(b).
-2
Let d(j) = -j**3 - 6*j**2 - j - 6. Let c be ((-9)/(90/4))/((-2)/(-30)). Calculate d(c).
0
Let u(y) = y**3 - 3*y**2 - 2*y - 4. Suppose 14 = 4*k - 2. Let v = k - 0. Give u(v).
4
Suppose -5*z = -z + 12. Let r(g) = -g**3 - 4*g**2 - 2*g + 3. Determine r(z).
0
Let u(d) = 2*d + 2. Let p = -1 - -1. Suppose 2 = 5*k - 3*l + 5*l, k - l - 6 = 0. Suppose p*b - k*b = 4. What is u(b)?
-2
Suppose -15*y = -5*y + 60. Let n(v) = -v**3 - 5*v**2 + 8*v + 7. What is n(y)?
-5
Let v(l) be the first derivative of -l**2 - 2 + 1/6*l**3 - 1/24*l**4 + 0*l. Let j(h) be the second derivative of v(h). Determine j(-5).
6
Let w(q) be the first derivative of -q**4/4 + 2*q**3 + 3*q - 12. What is w(6)?
3
Let q be 4 + (81/(-18))/(6/8). Let n(c) be the third derivative of -c**4/24 - c**2. Calculate n(q).
2
Let y(i) = -i**2 - 6*i - 1. Let u(k) = k**2 + 6*k - 1. Let p be u(-5). Let n be y(p). Let f(d) = d + 1. Determine f(n).
0
Let k be (6/12)/(1/12). Let l(z) = z**3 - 6*z**2 - z + 2. What is l(k)?
-4
Let c(a) = a + 1. Let l(h) = 3*h - 2. Let u(q) = -2*c(q) + l(q). Determine u(5).
1
Suppose 1 = -2*p + 4*q - 5, -2*p + 9 = q. Let r(b) = 4*b**3 - 2*b**3 - b + 3*b**p + 3*b**3. Give r(1).
7
Suppose 4*r - 2*r - 4 = 0. Let m(y) = 4 - r*y - 6*y + 4*y. Calculate m(3).
-8
Let j(p) be the third derivative of -p**6/360 - p**5/24 - p**4/8 + p**3/6 + p**2. Let x(l) be the first derivative of j(l). Suppose 17 - 47 = 6*o. What is x(o)?
-3
Suppose 0 = 12*k - 7*k + 25. Let c(j) = j**2 + 2 + 5*j - 4*j + 3*j. Determine c(k).
7
Let i(z) = z**2 - 2*z + 3. Let f = -27 + 29. What is i(f)?
3
Suppose -28 = -5*v - 3*y, -7*v + 3*v = -y - 19. Let f(j) = -3*j + 6 + 2*j - j**2 + 5*j. What is f(v)?
1
Let o(w) = w**2 - w + 0*w**3 + 0*w**2 - 7 + 2*w**3 + 5. Calculate o(-2).
-12
Let n(m) = -m - 5. Let w be n(-6). Let g(f) = 12*f**2 - 2*f + 2*f - 494 + 493. What is g(w)?
11
Suppose 8 = 2*c, -2*t + t = 4*c - 16. Let a(j) be the second derivative of -j**5/20 + j**4/12 - 5*j**2/2 - j. What is a(t)?
-5
Let y(v) = 2*v - 4. Let p(x) = x**2 + 20*x - 41. Let l be p(-22). Calculate y(l).
2
Let o(w) = w**3 + 9*w - 6. Let x(m) be the first derivative of -m**4/4 + m**3/3 - 5*m**2 + 6*m + 1. Let l(v) = 7*o(v) + 6*x(v). Suppose p + 10 = -p. Give l(p).
4
Let m(g) = 3*g - 1. Suppose -u = -8*u + 14. Determine m(u).
5
Let d = 2 - 3. Let z(j) = -3*j - 1. Let m(i) = -i. Let v(o) = d*z(o) + 2*m(o). Let a = 11 - 15. Give v(a).
-3
Suppose -8 = -4*v, -g - 2*g - 4*v + 14 = 0. Let r(m) = m**3 - 3*m**2 + m + 2. Let f be r(g). Let p(y) = -y**2 + 6 + 2*y**2 + 7*y + f. What is p(-4)?
-6
Let u = 24 - 14. Let c be 5/(-2)*(-8)/u. Suppose -j + 0 = c. Let k(f) = -2*f - 1. Determine k(j).
3
Let n(y) be the third derivative of -5*y**4/24 - y**3/6 + 4*y**2. Give n(-1).
4
Let w(t) = -t + 4. Let j be 2 - ((2 - 2) + -2). Suppose -20 = j*g, 5*x - 4*g + 2*g = 30. Calculate w(x).
0
Let d(j) = 4 - j**3 - 3*j + 3*j**2 - 8*j**2 + 0*j. What is d(-3)?
-5
Let b(u) = -2 + 15*u**2 + 0 + 3 - 44*u + 42*u. Give b(1).
14
Let g(x) be the first derivative of -x**4/4 - 2*x**3 - 8*x - 4. What is g(-6)?
-8
Let p(o) be the second derivative of 0*o**2 - 1/3*o**3 - 1/60*o**5 + 0 + o + 0*o**4. Let f(r) be the second derivative of p(r). What is f(-2)?
4
Let v(h) be the first derivative of h**4/4 + h**2/2 + 6*h + 1. Suppose -47 = 5*u + 3*n - 2*n, 5*n = -2*u - 5. Let k = 10 + u. Give v(k).
6
Let c(k) = k**3 + k + 1. Let f(x) = 4*x + 9. Let o(d) = 7*d + 17. Let y(v) = -5*f(v) + 3*o(v). Let p be y(-7). Give c(p).
-1
Let h be (-1 - 1)*11/2. Let j(t) = t**3 + 12*t**2 + 12*t + 9. Calculate j(h).
-2
Let n(b) = b**3 + 2*b**2 - 5*b - 6. Let j be n(-3). Let o(d) be the first derivative of -d**2/2 + 4*d - 2. Calculate o(j).
4
Suppose -t = 4*d - 7 - 1, -5*t + 17 = -3*d. Let l(n) be the second derivative of 3*n**4/4 - n**2/2 + n. What is l(d)?
8
Suppose 4*q = 4*y - 0*q - 8, -3*y + 10 = -q. Suppose -g = y*o + 12, 5*g - 2*o = -0*g + 6. Let h(w) = -w - 2. Calculate h(g).
-2
Suppose 0 = 2*x + 2*h - 24, -7*h = -2*h + 15. Let i = x + -18. Let k(b) = b**3 + 5*b**2 + 3*b - 4. What is k(i)?
5
Let v(r) = -5*r**3 - 2*r + 1. Let s be (-1)/(5/(-4) - -1). Suppose 4*h = g + 9, -s*h = g - 3*g - 6. Suppose d - 2 = -1, 0 = 4*p - d - h. Determine v(p).
-6
Let t(p) = -p**2 - 2*p + 3. Let u = 10 + -8. Let f be (2/3)/(u/(-9)). What is t(f)?
0
Let p be ((-60)/45)/((-2)/6). Let r(q) = q**2 - 4*q - 3. Calculate r(p).
-3
Let z(l) = -7*l + 3 + 2 - 7. Let w(y) be the first derivative of -3*y**2/2 - y - 3. Let u(c) = -5*w(c) + 2*z(c). Calculate u(-4).
-3
Suppose 0 = -2*x + 3*x - 5*l - 28, 4*x = -3*l - 3. Let u(w) = -w**2 + 3*w - 1. Calculate u(x).
-1
Let l(y) = -1 - 4 - 3*y + 4*y - 6. Let q be (1/2)/(3/30). What is l(q)?
-6
Let t(l) = -l + 3. Suppose -3 = 2*w - 5*p - 0*p, 0 = w + 4*p - 18. What is t(w)?
-3
Let p(s) be the first derivative of s**4/4 + 2*s**3 - s**2/2 - 2*s - 1. Let q be p(-6). Let a(j) = j - 7. What is a(q)?
-3
Suppose 2*w - r + 55 = 5*w, -5*r + 95 = 5*w. Let a be 24/w*(-6)/(-4). Let j(y) = -y**2 - y. Calculate j(a).
-6
Let w(d) = 0*d - 2*d**2 + 2*d - d**3 + d + 2. Suppose 0 = -2*l - 3*a + 22, 4*l - l - 22 = a. Suppose 2*q + 10 = -2*x, 0 = q - 3*q + 4*x + l. Determine w(q).
-4
Let u(p) be the first derivative of -2 - 2*p**2 + 5*p**2 - 4*p - 2*p**2. Calculate u(4).
4
Let p(w) = w + 1 + 11*w - 8*w + 0*w**2 - w**2. Calculate p(3).
4
Let y(d) = -2*d**2 + 9*d + 3. Let w(c) = 3*c**2 - 14*c - 4. Let q(f) = -5*w(f) - 7*y(f). What is q(5)?
9
Let s(x) = 2*x**2 + x. Let c be (4 + -1)/(27/18). Suppose 14 - 2 = 4*t - 5*m, t - c*m = 6. Determine s(t).
6
Let q(y) = -y + y + y**2 - 4*y - 2 + 5*y. Let c(k) = 3*k**2 + 2*k - 1. Let o be c(-3). Suppose 0 = -d - 2*z + 6, -4*z = -2*d - 0*z - o. Calculate q(d).
0
Let m(z) = -3*z + 14 - 36 + 14 - z. Give m(-6).
16
Suppose -21 = -5*q + 2*k - 4, -5*q + 18 = -3*k. Let c(v) = 0 + v**q - 6 - 3*v + 3 + v**2 + 0*v**2. Give c(-2).
-1
Let b(s) = -s**3 + 5*s**2 + 2*s - 2. Let u be b(4). Let q be -3*(3 + u/(-6)). Let v(y) = q*y + 3 + 2*y - 5*y. Give v(-4).
7
Suppose 0 = 5*z - 25 - 0. Let j(a) = 2*a**2 - 4*a - 4. Let n be j(3). Let i(v) = -7 - 5*v - n + 6*v. Calculate i(z).
-4
Suppose -4*r = r + 4*x + 31, 2*r - 6 = 3*x. Let c(l) be the third derivative of 0*l + l**2 - 2/3*l**3 + 0 - 1/60*l**5 - 1/8*l**4. What is c(r)?
-4
Let h(v) be the first derivative of v**3